{"id":31,"date":"2023-09-17T11:26:16","date_gmt":"2023-09-17T09:26:16","guid":{"rendered":"https:\/\/galets-malins.com\/index.php\/contact\/"},"modified":"2023-10-17T12:39:41","modified_gmt":"2023-10-17T10:39:41","slug":"contact","status":"publish","type":"page","link":"https:\/\/galets-malins.com\/index.php\/contact\/","title":{"rendered":"Contact"},"content":{"rendered":"\n    \n    <section class=\"u-clearfix u-white u-section-2\" id=\"sec-80b1\">\n      <div class=\"u-clearfix u-sheet u-sheet-1\">\n        <div class=\"data-layout-selected u-clearfix u-expanded-width u-gutter-0 u-layout-wrap u-layout-wrap-1\">\n          <div class=\"u-layout\">\n            <div class=\"u-layout-row\">\n              <div class=\"u-size-27-lg u-size-27-md u-size-27-sm u-size-27-xs u-size-30-xl\">\n                <div class=\"u-layout-col\">\n                  <div class=\"u-container-style u-layout-cell u-left-cell u-size-60 u-layout-cell-1\">\n                    <div class=\"u-container-layout u-valign-middle u-container-layout-1\">\n                      <img decoding=\"async\" class=\"custom-expanded u-align-center u-image u-image-contain u-image-default u-image-1\" src=\"https:\/\/galets-malins.com\/wp-content\/uploads\/2023\/09\/logo-site.png\" alt=\"\" data-image-width=\"582\" data-image-height=\"303\">\n                    <\/div>\n                  <\/div>\n                <\/div>\n              <\/div>\n              <div class=\"u-size-30-xl u-size-33-lg u-size-33-md u-size-33-sm u-size-33-xs\">\n                <div class=\"u-layout-col\">\n                  <div class=\"u-container-style u-layout-cell u-right-cell u-size-30 u-layout-cell-2\">\n                    <div class=\"u-container-layout u-container-layout-2\">\n                      <p class=\"u-align-center u-custom-font u-font-lobster u-text u-text-custom-color-1 u-text-default u-text-1\"><span class=\"u-file-icon u-icon u-text-custom-color-1 u-icon-1\"><img decoding=\"async\" src=\"data:image\/png;base64,iVBORw0KGgoAAAANSUhEUgAAAIAAAACACAYAAADDPmHLAAATzklEQVR4Xu1dC5RUxZmuurdfM93NY0YMIYoQwURRc9BdsxF5bMQEMNloEkNidHdPdrOC2PMSGBjctXGzPAfmtRo9JNmoOYmamOjiqhHfQiIh7jkRiUt84BMFnBlnumemp7vvrf3q9vQwQM\/0vX1v3Xt7pvscDmhX\/a\/6uuqvv\/76i5JR9mGM0f6yuukKU89TCZvOVDKNUjKVMDKJUFIJdSvRJkAI9RHCghn1aQ\/+naSUJvAf7WjbjrZHGSPvUom8JRHpTZnSV\/192w+hDRtNJqPFrkxvWe2nFEWZQxibg5H5awzm+RjMsBi9aAx098No+wileySPf0+wd8thMbzsoVp0AGDTooGeDzoWMJUtZpQswq\/1HHtMNQwXSg9SRh\/DTPF48Ez1Wfp6W7+j8hhkXhQAYBff5e195dUvYVpfil\/630HH8Qb1tKt5F5aOh7Fc3F9+\/qxd9KUbUnYxLpSPqwGQ8NfOSDHlOkzp38N6fGahSjrRD37Hh5RId3uo9KNAf9PrTsigh6crAdBdVn0ZUVg9ZexKrOuulFGPcTX3EujFX09JEmktT7Q+4jYn0jXG5d57zF\/7NUrUf8O\/Z+s1cDG1o4S+JEn0tvJE8063AMEVAIj7qxZhu\/YDRtjFxTSghctK90kSuyXU3\/ZE4TSs6ekoABL+unOSLL0Njt1XrFGnuKjA+E8S6qkJJ5sOOCW5IwBgU6LlsWPtt4F5FRZIr1PKu4EvbJCiVNoePF1aT99r6rNbJtsBEA\/ULlRV5S786j9tt7Ku5kfJ61Si\/xJOtD5jp5y2AUAL4BzujMLBW4W1XrJTyWLhldkx0B2hSRW19HC01w65bQFA3Fd7ASPpX2AvP8sOpYqdB3YILwML3wkn2\/4sWhfhAIj7ar6jMnXH8YMX0SqNGvpx+Ab\/HE623C9SI2EAYNc8IMce2r0VA18rUoFRT5vSxnBDRT2NRlURugoBAJsV9cVfa78HU\/5SEUKPNZpYEn4TmlJxLX0ryo+rLf1YDgA2KRqKd3U8CGfvS5ZKOsaJIYr4TCjMrqIdbd1WmsJSAMSD1Z9gKfVR\/PIvslLIEq2MBXgomfh9S8LxxqNW2cQyAPQFaqalVGUXNjIzrBKuRCeHBSh9zSt5ryhLbHvbCvtYAoBYKDIJCVUvILjzGSuEKtHIYwFK35C8dE6op+WIWVuZBgA7bXU43t33bGnaNzsUxvrzWEEoWDaPdm7uMtbzxNamAJDx9jt2lhw+M0NQeF\/NMTyLLTaThlYwAPg+P\/7w7vsw+N8sXAWne9K9GQnY552WpFD+yDy6P9RQeW2hcYKCAdDtrdpexEGeLipJDaG1E+\/kho9v7FzGVHUD\/unWXMMR8SFRaXMo2bKmEBAVBIBMeFf5eSEMHe9D6SMemS0v72t7b6gs8eCqyWqqfwsc2esdl9GgAPwQiVF69bhk68MGuxrPt9MOdlj6RRxblRtl5mh7Sg7JVF4R7G9+bCQ5evw1ixWm3I7t7HRH5TXOvN3j8c4u79v+rpGuhmYAfqQbP9yxF+v+hUaYONkWjlIaP5A7QhMq19Fj0bgeWdgZtWXxo0o9QLAWR9e4QVQsH7o3fOGsuUbS0Q0BIOaNtOGXf1PRmIMnYRJyQzDV+lIhMvPZDksd\/AR2aSH9negjUboplGxdq5e3bgDwTB6mpJ8ojjRt+jGya9bAydtRqHecNSCLRiU4id\/HTaRNAMIEvYZ1qp2WVCJLC8KJluf1yKALAFoO30cdL8PVOFsPUUfbDOPkmZWJn3OoKba1GJxEbA0PhC44f7aepUAXALq9kUYY8GazRhTan4dHKV0R6m\/5rUg+cX\/1l1XG4CS6+8eA+werQv2tfNxG\/OQFQMxXcy5hyp\/cmr3Ls2qh4Q9DFf4GeqQR17zFf4Y4iWvgJPrFczTOAXbp9ci+8\/IdGuUFQLev6jGgfZFxEcT3gPB7kFd\/g1N59Ql\/1cyUyu7Ej+OL4rU1zgHnBb8MJ1u\/NVLPEQHAb+yoKhtx32xcLCt60A5QqUe+3I+dvmKlXWnzVf8T5NkM\/6vCCu2spEFl+fJwovnp4WgOC4ABxRArZyi64J4PRzXx+W6yMinCCu3YuNqKeJ+yEfb6vpt2SoiDPB9Otc43DABM\/Vdj6v+1FcaxhIZNTp5ZWWOByHyikjtxPP5Zs7Qs6y975o1LNL2Qi96wM0DMV\/W\/brilCwQnEbDejKTIDSKSIi0z8hBCAxHTBuzI690QScS28Le4Y5DTj8sJAO36lpLeJcI4RmhCuBfg5C13yskzImuutgNO4h1YEhaapWW2v+yVLgn2tuw7mU5OALjA8+\/EPnZ9cG1Fm9lInlnDme3PfakeX831mAka8WeSWXqF9uep5dgRfD0vAAZQe9AJRyZzrEnuRQG3leF427FClXVjv0zeJGlEkTmAwfgprFmduG29EpkZ6G97YyitU2aAuK9qMyJdq80yNNwft2OR2HAjInmOLz2GZTfQIRaonkd47ICxcw10s6QpfIEN8AXWDQsAXo0rvv\/A2xDuk5Zw1EGER\/K0+\/FTJkaLxcnTodaITbidY\/tfqcNsEMVsgKKV9nx44SqcEUwdekZwwgzQ4498VVHJf9sjjnbR4XlCpWXhZPOrdvF0Ex+tCpqqwElkV9glF3yrxTgjeDzL7wQAwPm7F6swyrIJ\/3Ri8Ncgj22H05E84ZrqYIBI4jWEqf+J2eB0Hc3NNaH0v5A69r1TAMBmRPyxtwm\/aCAsMXIgd+2nYX9wFY1tbDenyejqzcJrK2P9PVtRGu8fBTuJneFzKifTA9Ekt+DgDCA87o8rTZIk3xhKND05uobOWm26A7VzqZr+ochiGpLsuSI7DoMAiHmrmrEWVVurzgA1St+khH0MpYot0VKIOfIRhbN2iBE6QVwdJbp9XKpVy+8YBEC3L3JQVOFlrPMPIpR7Xfxw51ooxcOjrjxDzzcwor8fGvZG8u29oi7dYDz+jKCQVq5HAwAvuZ5Op0\/Ik7dSWX57BfvPb3OaGc8XU5wLwqNW6miWVibsTbAjytQFwlkMaioxzWYiPrJXnhLsbf5AAwC80KWMqfeJYKShbAgAsjwyni+73cnwqCh9DdLNGfYWDQDEXr6JfIoHMwDwRlrwi6wyKLju5rkAwDuz8Wsmxnt7ebatq87QdStmsmEmt4GtyBX2Fg0A\/Cyb4AfUaQBA0ufv8NcXTOozbPfhADA4GwRqFhBV4Z6ve87QRRkjMyUexN3EZcjUeXY4NqIBAH9jNxJF5mLbqaU04Y65qGdWci8BJyvuVHhU5DifTHsw7D1VvTXflW7RAIBsXXAEJ1LulCXV9GsiDZFvBhjKO+GPnJ1i9I7RVnPAaNjbBgAQr+ybRnv81V9RVHWnWwCg+QbaGXr1dfBLthW7k4iBP4Y\/K4PJ5nuNhL3tAIAsyUvwSEN1Fe7Gt7gJAFlZ2ISaCfEeZT0WkZuKrb7wQNj7Z8TvrRsX2\/aRUfvaAQA8dHUjRaGHbfjN1RkV0Eh7I0tALrr8CRmqqDzRsjhqDWthb7I8lGh9yoidhra1AwCIO2yFA1j1S1ERp6xCZgGgLQuZekSrEK1ch9mgrFDDiuyHX30Cx9v\/EZo5cUv2sKVQfnYAAEvSAxRnAM\/BoPMKFVRPPysAkOWTCNR+GpFEOInky3p429UG6\/xzjHqXjUtu+z8reNoCABSZwgwQeUX01GolALLG5ckrKqOIHbBPWWHwQmlg4I\/gz2qjTl4+frYAAKXm+BJwWHQKmAgAaMuCg5FE7uQRifwoFAjW065NnfkG1Oj3NgHgfTiBkY8hnLAkEK64KABkjdpbVnWpopC7AGS8G2zDh5K\/UElePtKdO7NS2AEAyNjJfYBe0U6VaABos8GCqKfn9x0rcJn1B\/jPkNkByNUfU30fPOctoZm4pTSQUSOCD6dpBwD4FXIAIJJGwEUWpYgdM8BQ2fsCK6en1H5e5WuxlTrxqpxeiS4P9LcctJLucLRsAoAy6gBwkpPIQ8pnmBkw7Q1gJtWHUi33mKFjtK+NABgdS0AuA7OJ9ePj8d7b8N0Ko7NcNpKHBNZaJxJYbQJA76hwAvP9unq8NRcpBG8VEvJX+dpmliz6sixLy8r7mn+vp72INnYAIOME+iLvIw4wRYQSWZp2OIH55M84iZ21cBJvHe4FM+4UoeTq+vAFs5r0VNjKx9PM93YAAEB\/j8cB9ovePrkBANnB4PmPiqK0QOdvnDBAlD7qlaQVZYnmt8wMnFV97QEA+RN3Ap\/B+rjAKsFz0XETALLyZQ6YMg9bMUneNVwFDZF2GYm2LQAg5OmiOQxyaiCc4msLAPhhUDEcBzs1CE7ytQMAKKy5BQkhVRHUwW0VqawblwCR+lpB2w4AaAkhbkwJs8KAxU7DDgDwq+KUn68nlfQJZUOsNl5pBjBuUTsAgAcmpmbTwnEiyMYZF1NfjxIA9NlpaCsbAJBJC+dM4QjuEfkoQgkA7gPA4MUQLprQq+GgXwKA+wAAibaNS7WtzF4OvQaXQx8wLqa+HiUA6LOTrUsApV9HqZjfaADoKV89RUn1vW9cTH09SgDQZyc7ASD5Ap8M9Wz90KYCEcfrAxg3xdjsIdIJ5E\/KoA6Blj5nS4mY0gxgHMQiAQCnrBHT\/6oTAKC9haOqg\/XjjIs8fI8SAIxbUyQAJJkuzN5aGpwBRJaJ4zdQsOdcatwMY7cH8jTwMDcRYbPcZeK0eIAvcjeSKf\/earNjz7kLxQi0o9fSR58FsDV\/Etnal+trbaAVpT\/B9M+fuNE+J5WKrblSUZVHDJDT1RQzwPsoAn2mkevRugiP0kb8ejyWZGRqWV+zWZKkRUOf1jsBAJli0a+8g6lnsuW29Uhzx\/W17Lac7igkyCuKM0V9zmrV4IsdDl1aeRZ9Nor3lHPMAPx\/xX3Vm1Sm1lvOHGXQQusqFxT7AxBW2+VkeuyaB+TYQ7vx7Kv17xXnLRfPhRmo4\/cXEfVqKZGaQ8nmutJSkBtG2tTv4xVbra\/Ypj0YIXtmBBJNbw7lfsqDEfxLVA3\/H9RpWSIC7Rj8X8myXFPe1yQs8ihCbtE0e8siZ+B+I5JVySnPuljCG28qw\/n76sm0cgIgFqj5IlOUgqtb5BN44I7dowDDHsLoh\/B2B9ekfH1H0\/ewg4dQNhnnMJdh97VE5OMRVJbm53pRPCcAuJGxD30JaLxoNBl87OpC96Io5N\/k0n9YAGAZ+BqWgYfGrtFGj+ayRK8M9rc+aggAmi\/gjeDpWHLJ6DHFWNSE7kNN4M8P53gPOwNoW0KB5wNjcSic0Lngx6OzworcEThhkLHEU88h3IgzADfWwMtWB9zwBu5YGjzzutKYxyOfm2+7nRcA2lLg1GOS5q0wZikg5\/9mPA+3PZ8BdAGAnVFbFjuafhl71Rn5CJa+d94CPOMHD0TO1nPFXRcAtLgAgkNEUXBEaf+7t86btHgkQHBJZbK8QO9tZ90A0EAg8mWx4rGxqyXNdeAzksCGAMCzhuLvkL2IEH7O1VYYs8LRF8MXzpqnZ+rPmsgQALRZwFc7izEFASIWHLN2dqHimPo\/kj1sdnlfm6HX3wwDgOuO2MDVuFT4YMkfcAcS+FEvMn2uCva3GH74uyAAaCDwRhrxl\/b6ZOnjrAVQ6GFjKNnaUIgUBQOARaNSfEP7zwVlrhaiy5jsgxj\/faGGiu8WmmlVMAC4tQdyCHe6rXb\/WEECBu\/p0FlkSb4XyCzbBeQixE5bHY53JVBpjF08VgzvEj3\/GJ5Q+bf0WDRuRh5TM0CWcXf45tNIf2o38gc+Y0aYUl+dFqD0DclL54R6Wo7o7DFsM0sAwKn3BWqmpVT1CYBgplmhSv1HsAAepPJK3ivKEtvetsJOlgFA8wnCaytjiR5cLGE504+sEHiM0\/gj9fuvDMcbj1plB0sBoIFgUjQU72r\/VckxtGqIMnQ0hy9MrqYdbd1WUrYcABoIMk+83Y08929bKexYpYX4\/q9DUyq\/S9+KJqy2gRAAaCBAnKBnQ8dGgGBVKWJY2LDxCB\/2+ZuCDRW3FLrPz8dZGACyjOOB2oW4Y\/AzbBM\/kU+Y0vfHLcBj+3h99B+Gy+a1ylbCAcAF1W69pOkvAILLrBJ8lNP5g1eWl9pRut4WAGhLAh5siP+u4xZkFf1rsT0EbRfY+JQPXm2hC89faeRI14x8tgEgK2QsEJlPVHK76NdKzRjFib5w9PYzybNCbyaPVTLaDoDsbJB544\/8O48eWKVMMdLBAPSiaNNWO94izGUfRwCQFUSrT5hObEL08PpiHDzTMuPGrlemK8r6Wt4xTatAAo4C4PhOoepyprBbsQDOLVCPIutGX8Rt3XUin57VaxBXAOC4f1A9j6hqwyiOIv4BFzXXi97a6R183s5VABicEbx1n1Np+maknV1r9MFHI8rb0XbAs38Ke\/rWYH\/bTjt4GuHhSgBkFegtqzszraSuRVDkRkQUpxpRzOm2iOB9ALnv8VB1R6C\/TeiDHGZ0dTUAsooNvAy+UGVsKYKjV2HnMMGM0gL7dsKjfwg5evcHvzDxqaHVuATyNEW6KAAwVEN+0NTzeud8vAC6CHvnRZgZzjNlAZOd+TUs+CyPS7Ln8eDZ458X\/ay8SXFP6V50ADhZg3hw1WSWSs4BEOZQwi6Bz8CrYI+32lAD9Lowre8Hj32USrupl+2xIitHkKy6yBY9AHJpybOTVEbOVQmbjgJM06DkVCwdp8PlrUT7SoClHP6v53gQisbw7zTW7V58346AbDvaHkHI+l38wg9h0A\/J1PuqVVk4ukbGpkb\/D7zON31HACszAAAAAElFTkSuQmCC\" alt=\"\"><\/span> Me contacter<br>\n                      <\/p>\n                    <\/div>\n                  <\/div>\n                  <div class=\"u-container-style u-layout-cell u-right-cell u-size-30 u-layout-cell-3\">\n                    <div class=\"u-container-layout u-container-layout-3\">\n                      <div class=\"u-expanded-width u-form u-form-1\">\n                        <form action=\"https:\/\/forms.nicepagesrv.com\/v2\/form\/process\" class=\"u-clearfix u-form-spacing-15 u-form-vertical u-inner-form\" style=\"padding: 15px;\" source=\"email\" name=\"form\">\n                          <div class=\"u-form-group u-form-name u-form-partition-factor-2 u-label-top u-form-group-1\">\n                            <label for=\"name-0d02\" class=\"u-label u-label-1\">Pr\u00e9nom<\/label>\n                            <input type=\"text\" placeholder=\"Saisir votre Pr\u00e9nom\" id=\"name-0d02\" name=\"name\" class=\"u-input u-input-rectangle\" required=\"\">\n                          <\/div>\n                          <div class=\"u-form-group u-form-name u-form-partition-factor-2 u-label-top u-form-group-2\">\n                            <label for=\"name-0d02\" class=\"u-label u-label-2\">Nom<\/label>\n                            <input type=\"text\" placeholder=\"Saisir votre Nom\" id=\"name-0d02\" name=\"name-1\" class=\"u-input u-input-rectangle\" required=\"\">\n                          <\/div>\n                          <div class=\"u-form-email u-form-group u-label-top\">\n                            <label for=\"email-6797\" class=\"u-label u-label-3\">Email<\/label>\n                            <input type=\"email\" placeholder=\"Email\" id=\"email-6797\" name=\"email\" class=\"u-input u-input-rectangle\" required=\"\">\n                          <\/div>\n                          <div class=\"u-form-group u-form-select u-label-top u-form-group-4\">\n                            <label for=\"select-6890\" class=\"u-label u-label-4\">Objet<\/label>\n                            <div class=\"u-form-select-wrapper\">\n                              <select id=\"select-6890\" name=\"select\" class=\"u-input u-input-rectangle\">\n                                <option value=\"Demande d'informations\" data-calc=\"\">Demande d'informations<\/option>\n                                <option value=\"Demande de cr\u00e9ation personnalis\u00e9\" data-calc=\"\">Demande de cr\u00e9ation personnalis\u00e9<\/option>\n                                <option value=\"Autre\" data-calc=\"\">Autre<\/option>\n                              <\/select>\n                              <svg class=\"u-caret u-caret-svg\" version=\"1.1\" id=\"Layer_1\" xmlns=\"http:\/\/www.w3.org\/2000\/svg\" xmlns:xlink=\"http:\/\/www.w3.org\/1999\/xlink\" x=\"0px\" y=\"0px\" width=\"16px\" height=\"16px\" viewBox=\"0 0 16 16\" style=\"fill:currentColor;\" xml:space=\"preserve\"><polygon class=\"st0\" points=\"8,12 2,4 14,4 \"><\/polygon><\/svg>\n                            <\/div>\n                          <\/div>\n                          <div class=\"u-form-group u-form-textarea u-label-top\">\n                            <label for=\"textarea-887d\" class=\"u-label u-label-5\">Message<\/label>\n                            <textarea rows=\"4\" cols=\"50\" id=\"textarea-887d\" name=\"textarea\" class=\"u-input u-input-rectangle\" required=\"\" placeholder=\"Saisir votre message\"><\/textarea>\n                          <\/div>\n                          <div class=\"u-form-file-upload u-form-group u-label-top u-form-group-6\">\n                            <label for=\"file-upload-d86d\" class=\"u-label u-label-6\">Fichier<\/label>\n                            <div class=\"u-file-input-wrapper\">\n                              <a class=\"u-btn u-button-style u-upload-button\">T\u00e9l\u00e9verser un fichier<\/a>\n                              <div class=\"u-file-list\">\n                                <div class=\"u-file-item u-file-template\">\n                                  <span class=\"u-file-name u-text\">FileExample.pdf<\/span><span class=\"u-file-remove u-icon u-text-grey-30 u-icon-2\"><svg class=\"u-svg-link\" preserveAspectRatio=\"xMidYMin slice\" viewBox=\"0 0 51.976 51.976\" style=\"\"><use xlink:href=\"#svg-44f7\"><\/use><\/svg><svg class=\"u-svg-content\" viewBox=\"0 0 51.976 51.976\" x=\"0px\" y=\"0px\" id=\"svg-44f7\" style=\"enable-background:new 0 0 51.976 51.976;\"><g><path d=\"M44.373,7.603c-10.137-10.137-26.632-10.138-36.77,0c-10.138,10.138-10.137,26.632,0,36.77s26.632,10.138,36.77,0\n\t\tC54.51,34.235,54.51,17.74,44.373,7.603z M36.241,36.241c-0.781,0.781-2.047,0.781-2.828,0l-7.425-7.425l-7.778,7.778\n\t\tc-0.781,0.781-2.047,0.781-2.828,0c-0.781-0.781-0.781-2.047,0-2.828l7.778-7.778l-7.425-7.425c-0.781-0.781-0.781-2.048,0-2.828\n\t\tc0.781-0.781,2.047-0.781,2.828,0l7.425,7.425l7.071-7.071c0.781-0.781,2.047-0.781,2.828,0c0.781,0.781,0.781,2.047,0,2.828\n\t\tl-7.071,7.071l7.425,7.425C37.022,34.194,37.022,35.46,36.241,36.241z\"><\/path>\n<\/g><\/svg><\/span>\n                                <\/div>\n                              <\/div>\n                              <p class=\"u-file-max u-text u-text-grey-30 u-text-3\">Taille maximale du fichier : 10&nbsp;Mo<\/p>\n                              <span class=\"u-file-group\">\n                                <input type=\"file\" id=\"file-upload-d86d\" name=\"file\" class=\"u-input u-input-rectangle u-text-black\" accept=\"IMAGES\">\n                              <\/span>\n                            <\/div>\n                          <\/div>\n                          <div class=\"u-align-left u-form-group u-form-submit u-label-top\">\n                            <a href=\"#\" class=\"u-border-none u-btn u-btn-submit u-button-style u-custom-color-1 u-btn-2\">Envoyer<\/a>\n                            <input type=\"submit\" value=\"submit\" class=\"u-form-control-hidden\">\n                          <\/div>\n                          <div class=\"u-form-send-message u-form-send-success\">Thank you! Your message has been sent.<\/div>\n                          <div class=\"u-form-send-error u-form-send-message\">Unable to send your message. Please fix errors then try again.<\/div>\n                          <input type=\"hidden\" value=\"\" name=\"recaptchaResponse\">\n                          <input type=\"hidden\" name=\"formServices\" value=\"bf7f2b8f-5a85-d360-ffaa-19269e0071f1\">\n                        <\/form>\n                      <\/div>\n                    <\/div>\n                  <\/div>\n                <\/div>\n              <\/div>\n            <\/div>\n          <\/div>\n        <\/div>\n      <\/div>\n    <\/section>\n    \n    \n    \n    \n  \n","protected":false},"excerpt":{"rendered":"<p>Me contacter Pr\u00e9nom Nom Email Objet Demande d&rsquo;informations Demande de cr\u00e9ation personnalis\u00e9 Autre Message Fichier T\u00e9l\u00e9verser un fichier FileExample.pdf Taille maximale du fichier : 10&nbsp;Mo Envoyer Thank you! Your message &hellip; <a href=\"https:\/\/galets-malins.com\/index.php\/contact\/\" class=\"more-link\">Continue reading<span class=\"screen-reader-text\"> \u00ab\u00a0Contact\u00a0\u00bb<\/span><\/a><\/p>\n","protected":false},"author":1,"featured_media":0,"parent":0,"menu_order":1,"comment_status":"closed","ping_status":"closed","template":"","meta":{"_uag_custom_page_level_css":"","footnotes":""},"class_list":["post-31","page","type-page","status-publish","hentry"],"yoast_head":"<!-- This site is optimized with the Yoast SEO plugin v27.4 - https:\/\/yoast.com\/product\/yoast-seo-wordpress\/ -->\n<title>Contact - galets-malins.com<\/title>\n<meta name=\"robots\" content=\"index, follow, max-snippet:-1, max-image-preview:large, max-video-preview:-1\" \/>\n<link rel=\"canonical\" href=\"https:\/\/galets-malins.com\/index.php\/contact\/\" \/>\n<meta property=\"og:locale\" content=\"fr_FR\" \/>\n<meta property=\"og:type\" content=\"article\" \/>\n<meta property=\"og:title\" content=\"Contact - galets-malins.com\" \/>\n<meta property=\"og:description\" content=\"Me contacter Pr\u00e9nom Nom Email Objet Demande d&#039;informations Demande de cr\u00e9ation personnalis\u00e9 Autre Message Fichier T\u00e9l\u00e9verser un fichier FileExample.pdf Taille maximale du fichier : 10&nbsp;Mo Envoyer Thank you! Your message &hellip; Continue reading &quot;Contact&quot;\" \/>\n<meta property=\"og:url\" content=\"https:\/\/galets-malins.com\/index.php\/contact\/\" \/>\n<meta property=\"og:site_name\" content=\"galets-malins.com\" \/>\n<meta property=\"article:modified_time\" content=\"2023-10-17T10:39:41+00:00\" \/>\n<meta name=\"twitter:card\" content=\"summary_large_image\" \/>\n<script type=\"application\/ld+json\" class=\"yoast-schema-graph\">{\"@context\":\"https:\\\/\\\/schema.org\",\"@graph\":[{\"@type\":\"WebPage\",\"@id\":\"https:\\\/\\\/galets-malins.com\\\/index.php\\\/contact\\\/\",\"url\":\"https:\\\/\\\/galets-malins.com\\\/index.php\\\/contact\\\/\",\"name\":\"Contact - galets-malins.com\",\"isPartOf\":{\"@id\":\"https:\\\/\\\/galets-malins.com\\\/#website\"},\"datePublished\":\"2023-09-17T09:26:16+00:00\",\"dateModified\":\"2023-10-17T10:39:41+00:00\",\"breadcrumb\":{\"@id\":\"https:\\\/\\\/galets-malins.com\\\/index.php\\\/contact\\\/#breadcrumb\"},\"inLanguage\":\"fr-FR\",\"potentialAction\":[{\"@type\":\"ReadAction\",\"target\":[\"https:\\\/\\\/galets-malins.com\\\/index.php\\\/contact\\\/\"]}]},{\"@type\":\"BreadcrumbList\",\"@id\":\"https:\\\/\\\/galets-malins.com\\\/index.php\\\/contact\\\/#breadcrumb\",\"itemListElement\":[{\"@type\":\"ListItem\",\"position\":1,\"name\":\"Accueil\",\"item\":\"https:\\\/\\\/galets-malins.com\\\/\"},{\"@type\":\"ListItem\",\"position\":2,\"name\":\"Contact\"}]},{\"@type\":\"WebSite\",\"@id\":\"https:\\\/\\\/galets-malins.com\\\/#website\",\"url\":\"https:\\\/\\\/galets-malins.com\\\/\",\"name\":\"galets-malins.com\",\"description\":\"Cr\u00e9ations orignales en galets\",\"publisher\":{\"@id\":\"https:\\\/\\\/galets-malins.com\\\/#organization\"},\"potentialAction\":[{\"@type\":\"SearchAction\",\"target\":{\"@type\":\"EntryPoint\",\"urlTemplate\":\"https:\\\/\\\/galets-malins.com\\\/?s={search_term_string}\"},\"query-input\":{\"@type\":\"PropertyValueSpecification\",\"valueRequired\":true,\"valueName\":\"search_term_string\"}}],\"inLanguage\":\"fr-FR\"},{\"@type\":\"Organization\",\"@id\":\"https:\\\/\\\/galets-malins.com\\\/#organization\",\"name\":\"galets-malins.com\",\"url\":\"https:\\\/\\\/galets-malins.com\\\/\",\"logo\":{\"@type\":\"ImageObject\",\"inLanguage\":\"fr-FR\",\"@id\":\"https:\\\/\\\/galets-malins.com\\\/#\\\/schema\\\/logo\\\/image\\\/\",\"url\":\"https:\\\/\\\/galets-malins.com\\\/wp-content\\\/uploads\\\/2023\\\/09\\\/logo-site.png\",\"contentUrl\":\"https:\\\/\\\/galets-malins.com\\\/wp-content\\\/uploads\\\/2023\\\/09\\\/logo-site.png\",\"width\":582,\"height\":303,\"caption\":\"galets-malins.com\"},\"image\":{\"@id\":\"https:\\\/\\\/galets-malins.com\\\/#\\\/schema\\\/logo\\\/image\\\/\"}}]}<\/script>\n<!-- \/ Yoast SEO plugin. -->","yoast_head_json":{"title":"Contact - galets-malins.com","robots":{"index":"index","follow":"follow","max-snippet":"max-snippet:-1","max-image-preview":"max-image-preview:large","max-video-preview":"max-video-preview:-1"},"canonical":"https:\/\/galets-malins.com\/index.php\/contact\/","og_locale":"fr_FR","og_type":"article","og_title":"Contact - galets-malins.com","og_description":"Me contacter Pr\u00e9nom Nom Email Objet Demande d'informations Demande de cr\u00e9ation personnalis\u00e9 Autre Message Fichier T\u00e9l\u00e9verser un fichier FileExample.pdf Taille maximale du fichier : 10&nbsp;Mo Envoyer Thank you! Your message &hellip; Continue reading \"Contact\"","og_url":"https:\/\/galets-malins.com\/index.php\/contact\/","og_site_name":"galets-malins.com","article_modified_time":"2023-10-17T10:39:41+00:00","twitter_card":"summary_large_image","schema":{"@context":"https:\/\/schema.org","@graph":[{"@type":"WebPage","@id":"https:\/\/galets-malins.com\/index.php\/contact\/","url":"https:\/\/galets-malins.com\/index.php\/contact\/","name":"Contact - galets-malins.com","isPartOf":{"@id":"https:\/\/galets-malins.com\/#website"},"datePublished":"2023-09-17T09:26:16+00:00","dateModified":"2023-10-17T10:39:41+00:00","breadcrumb":{"@id":"https:\/\/galets-malins.com\/index.php\/contact\/#breadcrumb"},"inLanguage":"fr-FR","potentialAction":[{"@type":"ReadAction","target":["https:\/\/galets-malins.com\/index.php\/contact\/"]}]},{"@type":"BreadcrumbList","@id":"https:\/\/galets-malins.com\/index.php\/contact\/#breadcrumb","itemListElement":[{"@type":"ListItem","position":1,"name":"Accueil","item":"https:\/\/galets-malins.com\/"},{"@type":"ListItem","position":2,"name":"Contact"}]},{"@type":"WebSite","@id":"https:\/\/galets-malins.com\/#website","url":"https:\/\/galets-malins.com\/","name":"galets-malins.com","description":"Cr\u00e9ations orignales en galets","publisher":{"@id":"https:\/\/galets-malins.com\/#organization"},"potentialAction":[{"@type":"SearchAction","target":{"@type":"EntryPoint","urlTemplate":"https:\/\/galets-malins.com\/?s={search_term_string}"},"query-input":{"@type":"PropertyValueSpecification","valueRequired":true,"valueName":"search_term_string"}}],"inLanguage":"fr-FR"},{"@type":"Organization","@id":"https:\/\/galets-malins.com\/#organization","name":"galets-malins.com","url":"https:\/\/galets-malins.com\/","logo":{"@type":"ImageObject","inLanguage":"fr-FR","@id":"https:\/\/galets-malins.com\/#\/schema\/logo\/image\/","url":"https:\/\/galets-malins.com\/wp-content\/uploads\/2023\/09\/logo-site.png","contentUrl":"https:\/\/galets-malins.com\/wp-content\/uploads\/2023\/09\/logo-site.png","width":582,"height":303,"caption":"galets-malins.com"},"image":{"@id":"https:\/\/galets-malins.com\/#\/schema\/logo\/image\/"}}]}},"uagb_featured_image_src":{"full":false,"thumbnail":false,"medium":false,"medium_large":false,"large":false,"1536x1536":false,"2048x2048":false,"post-thumbnail":false,"woocommerce_thumbnail":false,"woocommerce_single":false,"woocommerce_gallery_thumbnail":false},"uagb_author_info":{"display_name":"galets-malins.com","author_link":"https:\/\/galets-malins.com\/index.php\/author\/galets-malins-com\/"},"uagb_comment_info":0,"uagb_excerpt":"Me contacter Pr\u00e9nom Nom Email Objet Demande d'informations Demande de cr\u00e9ation personnalis\u00e9 Autre Message Fichier T\u00e9l\u00e9verser un fichier FileExample.pdf Taille maximale du fichier : 10&nbsp;Mo Envoyer Thank you! Your message &hellip; Continue reading \"Contact\"","_links":{"self":[{"href":"https:\/\/galets-malins.com\/index.php\/wp-json\/wp\/v2\/pages\/31","targetHints":{"allow":["GET"]}}],"collection":[{"href":"https:\/\/galets-malins.com\/index.php\/wp-json\/wp\/v2\/pages"}],"about":[{"href":"https:\/\/galets-malins.com\/index.php\/wp-json\/wp\/v2\/types\/page"}],"author":[{"embeddable":true,"href":"https:\/\/galets-malins.com\/index.php\/wp-json\/wp\/v2\/users\/1"}],"replies":[{"embeddable":true,"href":"https:\/\/galets-malins.com\/index.php\/wp-json\/wp\/v2\/comments?post=31"}],"version-history":[{"count":20,"href":"https:\/\/galets-malins.com\/index.php\/wp-json\/wp\/v2\/pages\/31\/revisions"}],"predecessor-version":[{"id":470,"href":"https:\/\/galets-malins.com\/index.php\/wp-json\/wp\/v2\/pages\/31\/revisions\/470"}],"wp:attachment":[{"href":"https:\/\/galets-malins.com\/index.php\/wp-json\/wp\/v2\/media?parent=31"}],"curies":[{"name":"wp","href":"https:\/\/api.w.org\/{rel}","templated":true}]}}