{"id":281,"date":"2023-09-20T10:41:16","date_gmt":"2023-09-20T08:41:16","guid":{"rendered":"https:\/\/galets-malins.com\/?post_type=product&#038;p=281"},"modified":"2023-09-26T15:48:40","modified_gmt":"2023-09-26T13:48:40","slug":"heros-goldorak","status":"publish","type":"product","link":"https:\/\/galets-malins.com\/index.php\/produit\/heros-goldorak\/","title":{"rendered":"H\u00e9ros \u00ab\u00a0Goldorak\u00a0\u00bb"},"content":{"rendered":"<p>Galet Personnalis\u00e9<\/p>\n<div>\n<p>R\u00e9f : GPG001 Dimension 12 x 9 cm Poids: 483 gr<\/p>\n<\/div>\n","protected":false},"excerpt":{"rendered":"<p>Souvenirs de nos H\u00e9ros Pr\u00e9f\u00e9r\u00e9 \u2026<\/p>\n","protected":false},"featured_media":157,"comment_status":"open","ping_status":"closed","template":"","meta":{"_uag_custom_page_level_css":""},"product_brand":[],"product_cat":[22,27],"product_tag":[],"class_list":{"0":"post-281","1":"product","2":"type-product","3":"status-publish","4":"has-post-thumbnail","6":"product_cat-decoration","7":"product_cat-galets-personnalises","9":"first","10":"outofstock","11":"shipping-taxable","12":"purchasable","13":"product-type-simple"},"yoast_head":"<!-- This site is optimized with the Yoast SEO plugin v27.4 - https:\/\/yoast.com\/product\/yoast-seo-wordpress\/ -->\n<title>H\u00e9ros &quot;Goldorak&quot;<\/title>\n<meta name=\"description\" content=\"Galet-Goldorak-Personnalis\u00e9-Cadeau-D\u00e9coration-Plaisir-d&#039;Offrir-Couleur-\" \/>\n<meta name=\"robots\" content=\"index, follow, max-snippet:-1, max-image-preview:large, max-video-preview:-1\" \/>\n<link rel=\"canonical\" href=\"https:\/\/galets-malins.com\/index.php\/produit\/heros-goldorak\/\" \/>\n<meta property=\"og:locale\" content=\"fr_FR\" \/>\n<meta property=\"og:type\" content=\"article\" \/>\n<meta property=\"og:title\" content=\"H\u00e9ros &quot;Goldorak&quot;\" \/>\n<meta property=\"og:description\" content=\"Galet-Goldorak-Personnalis\u00e9-Cadeau-D\u00e9coration-Plaisir-d&#039;Offrir-Couleur-\" \/>\n<meta property=\"og:url\" content=\"https:\/\/galets-malins.com\/index.php\/produit\/heros-goldorak\/\" \/>\n<meta property=\"og:site_name\" content=\"galets-malins.com\" \/>\n<meta property=\"article:modified_time\" content=\"2023-09-26T13:48:40+00:00\" \/>\n<meta property=\"og:image\" content=\"http:\/\/galets-malins.com\/wp-content\/uploads\/2023\/09\/WhatsAppImage2023-09-1719.48.37.jpg\" \/>\n\t<meta property=\"og:image:width\" content=\"1368\" \/>\n\t<meta property=\"og:image:height\" content=\"1824\" \/>\n\t<meta property=\"og:image:type\" content=\"image\/jpeg\" \/>\n<meta name=\"twitter:card\" content=\"summary_large_image\" \/>\n<meta name=\"twitter:label1\" content=\"Dur\u00e9e de lecture estim\u00e9e\" \/>\n\t<meta name=\"twitter:data1\" content=\"1 minute\" \/>\n<script type=\"application\/ld+json\" class=\"yoast-schema-graph\">{\"@context\":\"https:\\\/\\\/schema.org\",\"@graph\":[{\"@type\":\"WebPage\",\"@id\":\"https:\\\/\\\/galets-malins.com\\\/index.php\\\/produit\\\/heros-goldorak\\\/\",\"url\":\"https:\\\/\\\/galets-malins.com\\\/index.php\\\/produit\\\/heros-goldorak\\\/\",\"name\":\"H\u00e9ros \\\"Goldorak\\\"\",\"isPartOf\":{\"@id\":\"https:\\\/\\\/galets-malins.com\\\/#website\"},\"primaryImageOfPage\":{\"@id\":\"https:\\\/\\\/galets-malins.com\\\/index.php\\\/produit\\\/heros-goldorak\\\/#primaryimage\"},\"image\":{\"@id\":\"https:\\\/\\\/galets-malins.com\\\/index.php\\\/produit\\\/heros-goldorak\\\/#primaryimage\"},\"thumbnailUrl\":\"https:\\\/\\\/galets-malins.com\\\/wp-content\\\/uploads\\\/2023\\\/09\\\/WhatsAppImage2023-09-1719.48.37.jpg\",\"datePublished\":\"2023-09-20T08:41:16+00:00\",\"dateModified\":\"2023-09-26T13:48:40+00:00\",\"description\":\"Galet-Goldorak-Personnalis\u00e9-Cadeau-D\u00e9coration-Plaisir-d'Offrir-Couleur-\",\"breadcrumb\":{\"@id\":\"https:\\\/\\\/galets-malins.com\\\/index.php\\\/produit\\\/heros-goldorak\\\/#breadcrumb\"},\"inLanguage\":\"fr-FR\",\"potentialAction\":[{\"@type\":\"ReadAction\",\"target\":[\"https:\\\/\\\/galets-malins.com\\\/index.php\\\/produit\\\/heros-goldorak\\\/\"]}]},{\"@type\":\"ImageObject\",\"inLanguage\":\"fr-FR\",\"@id\":\"https:\\\/\\\/galets-malins.com\\\/index.php\\\/produit\\\/heros-goldorak\\\/#primaryimage\",\"url\":\"https:\\\/\\\/galets-malins.com\\\/wp-content\\\/uploads\\\/2023\\\/09\\\/WhatsAppImage2023-09-1719.48.37.jpg\",\"contentUrl\":\"https:\\\/\\\/galets-malins.com\\\/wp-content\\\/uploads\\\/2023\\\/09\\\/WhatsAppImage2023-09-1719.48.37.jpg\",\"width\":1368,\"height\":1824},{\"@type\":\"BreadcrumbList\",\"@id\":\"https:\\\/\\\/galets-malins.com\\\/index.php\\\/produit\\\/heros-goldorak\\\/#breadcrumb\",\"itemListElement\":[{\"@type\":\"ListItem\",\"position\":1,\"name\":\"Accueil\",\"item\":\"https:\\\/\\\/galets-malins.com\\\/\"},{\"@type\":\"ListItem\",\"position\":2,\"name\":\"Boutique\",\"item\":\"https:\\\/\\\/galets-malins.com\\\/index.php\\\/boutique\\\/\"},{\"@type\":\"ListItem\",\"position\":3,\"name\":\"H\u00e9ros &#8220;Goldorak&#8221;\"}]},{\"@type\":\"WebSite\",\"@id\":\"https:\\\/\\\/galets-malins.com\\\/#website\",\"url\":\"https:\\\/\\\/galets-malins.com\\\/\",\"name\":\"galets-malins.com\",\"description\":\"Cr\u00e9ations orignales en galets\",\"publisher\":{\"@id\":\"https:\\\/\\\/galets-malins.com\\\/#organization\"},\"potentialAction\":[{\"@type\":\"SearchAction\",\"target\":{\"@type\":\"EntryPoint\",\"urlTemplate\":\"https:\\\/\\\/galets-malins.com\\\/?s={search_term_string}\"},\"query-input\":{\"@type\":\"PropertyValueSpecification\",\"valueRequired\":true,\"valueName\":\"search_term_string\"}}],\"inLanguage\":\"fr-FR\"},{\"@type\":\"Organization\",\"@id\":\"https:\\\/\\\/galets-malins.com\\\/#organization\",\"name\":\"galets-malins.com\",\"url\":\"https:\\\/\\\/galets-malins.com\\\/\",\"logo\":{\"@type\":\"ImageObject\",\"inLanguage\":\"fr-FR\",\"@id\":\"https:\\\/\\\/galets-malins.com\\\/#\\\/schema\\\/logo\\\/image\\\/\",\"url\":\"https:\\\/\\\/galets-malins.com\\\/wp-content\\\/uploads\\\/2023\\\/09\\\/logo-site.png\",\"contentUrl\":\"https:\\\/\\\/galets-malins.com\\\/wp-content\\\/uploads\\\/2023\\\/09\\\/logo-site.png\",\"width\":582,\"height\":303,\"caption\":\"galets-malins.com\"},\"image\":{\"@id\":\"https:\\\/\\\/galets-malins.com\\\/#\\\/schema\\\/logo\\\/image\\\/\"}}]}<\/script>\n<!-- \/ Yoast SEO plugin. -->","yoast_head_json":{"title":"H\u00e9ros \"Goldorak\"","description":"Galet-Goldorak-Personnalis\u00e9-Cadeau-D\u00e9coration-Plaisir-d'Offrir-Couleur-","robots":{"index":"index","follow":"follow","max-snippet":"max-snippet:-1","max-image-preview":"max-image-preview:large","max-video-preview":"max-video-preview:-1"},"canonical":"https:\/\/galets-malins.com\/index.php\/produit\/heros-goldorak\/","og_locale":"fr_FR","og_type":"article","og_title":"H\u00e9ros \"Goldorak\"","og_description":"Galet-Goldorak-Personnalis\u00e9-Cadeau-D\u00e9coration-Plaisir-d'Offrir-Couleur-","og_url":"https:\/\/galets-malins.com\/index.php\/produit\/heros-goldorak\/","og_site_name":"galets-malins.com","article_modified_time":"2023-09-26T13:48:40+00:00","og_image":[{"width":1368,"height":1824,"url":"http:\/\/galets-malins.com\/wp-content\/uploads\/2023\/09\/WhatsAppImage2023-09-1719.48.37.jpg","type":"image\/jpeg"}],"twitter_card":"summary_large_image","twitter_misc":{"Dur\u00e9e de lecture estim\u00e9e":"1 minute"},"schema":{"@context":"https:\/\/schema.org","@graph":[{"@type":"WebPage","@id":"https:\/\/galets-malins.com\/index.php\/produit\/heros-goldorak\/","url":"https:\/\/galets-malins.com\/index.php\/produit\/heros-goldorak\/","name":"H\u00e9ros \"Goldorak\"","isPartOf":{"@id":"https:\/\/galets-malins.com\/#website"},"primaryImageOfPage":{"@id":"https:\/\/galets-malins.com\/index.php\/produit\/heros-goldorak\/#primaryimage"},"image":{"@id":"https:\/\/galets-malins.com\/index.php\/produit\/heros-goldorak\/#primaryimage"},"thumbnailUrl":"https:\/\/galets-malins.com\/wp-content\/uploads\/2023\/09\/WhatsAppImage2023-09-1719.48.37.jpg","datePublished":"2023-09-20T08:41:16+00:00","dateModified":"2023-09-26T13:48:40+00:00","description":"Galet-Goldorak-Personnalis\u00e9-Cadeau-D\u00e9coration-Plaisir-d'Offrir-Couleur-","breadcrumb":{"@id":"https:\/\/galets-malins.com\/index.php\/produit\/heros-goldorak\/#breadcrumb"},"inLanguage":"fr-FR","potentialAction":[{"@type":"ReadAction","target":["https:\/\/galets-malins.com\/index.php\/produit\/heros-goldorak\/"]}]},{"@type":"ImageObject","inLanguage":"fr-FR","@id":"https:\/\/galets-malins.com\/index.php\/produit\/heros-goldorak\/#primaryimage","url":"https:\/\/galets-malins.com\/wp-content\/uploads\/2023\/09\/WhatsAppImage2023-09-1719.48.37.jpg","contentUrl":"https:\/\/galets-malins.com\/wp-content\/uploads\/2023\/09\/WhatsAppImage2023-09-1719.48.37.jpg","width":1368,"height":1824},{"@type":"BreadcrumbList","@id":"https:\/\/galets-malins.com\/index.php\/produit\/heros-goldorak\/#breadcrumb","itemListElement":[{"@type":"ListItem","position":1,"name":"Accueil","item":"https:\/\/galets-malins.com\/"},{"@type":"ListItem","position":2,"name":"Boutique","item":"https:\/\/galets-malins.com\/index.php\/boutique\/"},{"@type":"ListItem","position":3,"name":"H\u00e9ros &#8220;Goldorak&#8221;"}]},{"@type":"WebSite","@id":"https:\/\/galets-malins.com\/#website","url":"https:\/\/galets-malins.com\/","name":"galets-malins.com","description":"Cr\u00e9ations orignales en galets","publisher":{"@id":"https:\/\/galets-malins.com\/#organization"},"potentialAction":[{"@type":"SearchAction","target":{"@type":"EntryPoint","urlTemplate":"https:\/\/galets-malins.com\/?s={search_term_string}"},"query-input":{"@type":"PropertyValueSpecification","valueRequired":true,"valueName":"search_term_string"}}],"inLanguage":"fr-FR"},{"@type":"Organization","@id":"https:\/\/galets-malins.com\/#organization","name":"galets-malins.com","url":"https:\/\/galets-malins.com\/","logo":{"@type":"ImageObject","inLanguage":"fr-FR","@id":"https:\/\/galets-malins.com\/#\/schema\/logo\/image\/","url":"https:\/\/galets-malins.com\/wp-content\/uploads\/2023\/09\/logo-site.png","contentUrl":"https:\/\/galets-malins.com\/wp-content\/uploads\/2023\/09\/logo-site.png","width":582,"height":303,"caption":"galets-malins.com"},"image":{"@id":"https:\/\/galets-malins.com\/#\/schema\/logo\/image\/"}}]}},"uagb_featured_image_src":{"full":["https:\/\/galets-malins.com\/wp-content\/uploads\/2023\/09\/WhatsAppImage2023-09-1719.48.37.jpg",1368,1824,false],"thumbnail":["https:\/\/galets-malins.com\/wp-content\/uploads\/2023\/09\/WhatsAppImage2023-09-1719.48.37-150x150.jpg",150,150,true],"medium":["https:\/\/galets-malins.com\/wp-content\/uploads\/2023\/09\/WhatsAppImage2023-09-1719.48.37-225x300.jpg",225,300,true],"medium_large":["https:\/\/galets-malins.com\/wp-content\/uploads\/2023\/09\/WhatsAppImage2023-09-1719.48.37-768x1024.jpg",768,1024,true],"large":["https:\/\/galets-malins.com\/wp-content\/uploads\/2023\/09\/WhatsAppImage2023-09-1719.48.37-768x1024.jpg",768,1024,true],"1536x1536":["https:\/\/galets-malins.com\/wp-content\/uploads\/2023\/09\/WhatsAppImage2023-09-1719.48.37-1152x1536.jpg",1152,1536,true],"2048x2048":["https:\/\/galets-malins.com\/wp-content\/uploads\/2023\/09\/WhatsAppImage2023-09-1719.48.37.jpg",1368,1824,false],"post-thumbnail":["https:\/\/galets-malins.com\/wp-content\/uploads\/2023\/09\/WhatsAppImage2023-09-1719.48.37-1200x1600.jpg",1200,1600,true],"woocommerce_thumbnail":["https:\/\/galets-malins.com\/wp-content\/uploads\/2023\/09\/WhatsAppImage2023-09-1719.48.37-400x400.jpg",400,400,true],"woocommerce_single":["https:\/\/galets-malins.com\/wp-content\/uploads\/2023\/09\/WhatsAppImage2023-09-1719.48.37-800x1067.jpg",800,1067,true],"woocommerce_gallery_thumbnail":["https:\/\/galets-malins.com\/wp-content\/uploads\/2023\/09\/WhatsAppImage2023-09-1719.48.37-100x100.jpg",100,100,true]},"uagb_author_info":{"display_name":"galets-malins.com","author_link":"https:\/\/galets-malins.com\/index.php\/author\/"},"uagb_comment_info":0,"uagb_excerpt":"Souvenirs de nos H\u00e9ros Pr\u00e9f\u00e9r\u00e9 \u2026","_links":{"self":[{"href":"https:\/\/galets-malins.com\/index.php\/wp-json\/wp\/v2\/product\/281","targetHints":{"allow":["GET"]}}],"collection":[{"href":"https:\/\/galets-malins.com\/index.php\/wp-json\/wp\/v2\/product"}],"about":[{"href":"https:\/\/galets-malins.com\/index.php\/wp-json\/wp\/v2\/types\/product"}],"replies":[{"embeddable":true,"href":"https:\/\/galets-malins.com\/index.php\/wp-json\/wp\/v2\/comments?post=281"}],"wp:featuredmedia":[{"embeddable":true,"href":"https:\/\/galets-malins.com\/index.php\/wp-json\/wp\/v2\/media\/157"}],"wp:attachment":[{"href":"https:\/\/galets-malins.com\/index.php\/wp-json\/wp\/v2\/media?parent=281"}],"wp:term":[{"taxonomy":"product_brand","embeddable":true,"href":"https:\/\/galets-malins.com\/index.php\/wp-json\/wp\/v2\/product_brand?post=281"},{"taxonomy":"product_cat","embeddable":true,"href":"https:\/\/galets-malins.com\/index.php\/wp-json\/wp\/v2\/product_cat?post=281"},{"taxonomy":"product_tag","embeddable":true,"href":"https:\/\/galets-malins.com\/index.php\/wp-json\/wp\/v2\/product_tag?post=281"}],"curies":[{"name":"wp","href":"https:\/\/api.w.org\/{rel}","templated":true}]}}